. Suppose -11 = 2*j - 3*t, 2*j = -3*j + 3*t - 23. Give d(j).
-24
Let v(y) = -9*y - 6*y + 14*y + 1. Let w be v(-6). Let u(z) be the first derivative of -z**3/3 + 3*z**2 - 2*z + 54. Give u(w).
-9
Let g(a) be the third derivative of a**4/3 + a**3/3 + 408*a**2. What is g(1)?
10
Let l(c) be the third derivative of c**4/24 - 5*c**3/3 + 303*c**2. Calculate l(-3).
-13
Let r = 1 - -3. Let i be (r - 3 - 4) + 5. Suppose i*m + 4 = -2. Let z(j) = j + 7. Give z(m).
4
Let a(h) be the third derivative of -h**4/24 + 5*h**3/6 + 1348*h**2. Suppose -2*v + v = -11. What is a(v)?
-6
Suppose -115 = -5*t + 28*t. Suppose -z + 12 = 5*b, -z - 4*z = -5*b. Let j(i) = 1 + i**b - 2 + 0*i**2 + 6*i. Determine j(t).
-6
Let j(o) = -o**2 - 11*o + 6. Suppose 15*l - 26 = 2*k + 19*l, -k - 1 = -l. What is j(k)?
36
Suppose -3*t - 35 = 5*s, 0*t - 10 = 2*t. Let g(f) be the third derivative of 0 - 4*f**2 + 0*f + 4/3*f**3 + 1/24*f**4. What is g(s)?
4
Let j(h) = -2*h - h**3 - 2*h**3 - 4 + 3 - 3*h**2. Let y be (16/(-12))/(3/(-9)). Let z be 8/(-2) + y*5/10. What is j(z)?
15
Let k(y) = -2 + y - 2 + 5. Suppose -55 + 63 = 2*q. Suppose -q*o = -5*o. Give k(o).
1
Let k(n) = -n**2 + 6. Let h be k(2). Let w be (-51)/(-9) - (-2)/(-3). Suppose -h*m = m + w*t + 30, -2*m - 3*t = 19. Let z(u) = u**2 + 6*u + 6. What is z(m)?
1
Let n(k) = k**3 + 2*k**2 + 0*k**3 - 3*k + 0*k**3 - 2*k**3. Let s(v) = -1. Let h(p) = -p**2 + 4*p + 3. Let x(q) = -h(q) - 5*s(q). Let r be x(4). Give n(r).
-6
Let s(a) = a**3 + 5*a**2 - 5*a. Let q be 9/((360/16)/(-15)). Determine s(q).
-6
Let b be (-180)/432 + (-1)/(-2). Let n(f) be the second derivative of -1/2*f**2 - 1/2*f**3 + b*f**4 + 5*f + 0. Give n(3).
-1
Let m(c) = -c + 2. Let a(w) = -2*w**2 - w + 2. Let i be 2 + 2/1 - 2. Let z be a(i). Let j(f) = 2*f**2 + 17*f + 10. Let v be j(z). Determine m(v).
0
Suppose 0*d = -5*d + 25. Suppose d*z - 51 = -11. Let q(h) = z + 4*h + 0*h - 2*h. Give q(-6).
-4
Suppose -7*b = -86 - 54. Let l = b + -8. Let w = -17 + l. Let o(z) = -z**3 - 6*z**2 - 5*z + 7. Calculate o(w).
7
Suppose -5*x + 5*r = -3*x - 13, 3*r = 5*x - 23. Let j(u) = -5*u + 5. Suppose -5 - 15 = -4*k. Let w(z) = -4*z + 4. Let s(b) = k*j(b) - 6*w(b). Determine s(x).
-3
Let t(q) be the second derivative of -q**3/6 - 30*q. Let d(j) = 7*j + 1. Let w(n) = -3*d(n) - 15*t(n). Give w(-5).
27
Let s(b) = b**3 - 13*b**2 + b - 10. Let c(k) = 8*k**2 - 64*k + 13. Let y be c(8). What is s(y)?
3
Suppose 10 - 31 = -3*n. Suppose p - 3*l = -n, -25 = -5*p - 5*l - 0. Let q(y) = -2*y**3 + y**2 + 3*y - 3. Give q(p).
-9
Let m(j) = -4*j**2 - 5*j - 12. Let q(t) = -5*t**2 - 3*t - 11. Let w(r) = -4*m(r) + 3*q(r). Give w(-10).
5
Suppose -75 = -6*n + 3*n. Suppose n = 3*k - 23. Let c = k + -12. Let u(w) = w - 4. What is u(c)?
0
Let r be (-30)/(-4)*18/495*22. Let i(c) = -c**3 + 7*c**2 - 6*c + 2. Let y be i(6). Let x(k) = r*k**2 + 2*k**2 - y*k**2 - 1. Give x(1).
5
Let l(u) = u**3 - 8*u**2 + 6*u. Suppose -5*d + 5*s + 173 + 142 = 0, 5*d - 3*s = 311. Suppose -8*i - 5 = -d. Calculate l(i).
-7
Let z(r) = 0*r - r + 929 - r - 925 + r. Suppose 8 = 2*f + 4*t, 3*f + 0*t = -4*t + 12. What is z(f)?
0
Let q(k) = -4*k - 24. Let j be q(-7). Let p(h) = -14*h**2 + h**3 + j + 7*h**2 + 2 - 2 - 10*h. What is p(8)?
-12
Let b(l) = l**2 - 5*l - 8. Let t = 689 - 683. Give b(t).
-2
Let w = -9 + 9. Let p(n) = n + 15. What is p(w)?
15
Let d(q) = -q**3 - 2*q**2 - 4*q - 3. Let g(p) = -4*p**3 - 6*p**2 - 13*p - 10. Let o(f) = -7*d(f) + 2*g(f). Determine o(2).
5
Suppose 2*m = w + 3, -2*w + 6 = 5*m + 12. Let q(k) be the second derivative of -k**4/12 - k**3/6 - 3*k**2/2 - 2*k. Calculate q(w).
-9
Let q be 44/(-198) + (-235)/(-45). Let w(p) = -5*p + 20. What is w(q)?
-5
Let w(i) = 4*i**2 - 12*i + 17. Let r(p) = -p**2 + 3*p - 4. Let h = 2 - 10. Let m(l) = -2*l - 7. Let o be m(h). Let t(g) = o*r(g) + 2*w(g). Calculate t(2).
0
Let i(t) = 5*t - 8. Let c(b) = -b**3 - 28*b**2 + b + 36. Let y be c(-28). Calculate i(y).
32
Let y = 90 + -85. Let x(r) be the third derivative of r**4/24 - r**3 - r**2. Determine x(y).
-1
Let u(w) be the second derivative of -w**3/6 - w**2 - 13*w - 2. Suppose 0 = 5*v + 26 + 4. Give u(v).
4
Let a(w) be the second derivative of w**3/6 - w**2/2 - 264*w. Calculate a(7).
6
Let p be ((-20)/(-6))/((-36)/(-54)). Let w(x) = -x**3 + 6*x**2 - 5*x - 3. Calculate w(p).
-3
Let q(u) = 2*u. Let x be 58/18 - 12/54. Let o(d) = 0 - 4*d - x - 2 - 2. Let p be o(-3). Calculate q(p).
10
Let p(j) = -j**3 - 6*j**2 - j - 17. Let v be p(-7). Suppose g - 40 = -v. Let f(r) = 9*r - 1. Determine f(g).
8
Suppose 7*c - 2*c = 35. Let a(o) = -1 + c + 2*o - 6*o + o. Let u be (-2)/(-10) + (-38)/(-10). Give a(u).
-6
Let f(w) be the first derivative of -w**2/2 + 6*w - 1. Let x be f(-10). Let o = -10 + x. Let c(a) = a**3 - 5*a**2 - 7*a + 2. Give c(o).
-4
Let k = -35 + 37. Let g(j) = 13*j**k + 2 + j**3 - 10 + 1 + 6*j - 4*j**2. Give g(-8).
9
Let w(h) be the second derivative of -5*h**3/2 + 2*h**2 - 887*h. Give w(1).
-11
Let z(r) = -r**2 - 2*r + 4. Let f be z(-4). Let c(n) be the third derivative of -n**6/120 - n**5/15 + n**3/6 + n**2 - 3*n. Give c(f).
1
Let o(j) = -j**2 + j - 2. Let g(b) = -2*b**2 + b - 3. Suppose d - 3*d = 14. Let p(y) = d*o(y) + 4*g(y). Calculate p(-4).
-2
Let x(d) be the second derivative of 0 + 1/2*d**2 - 1/6*d**3 + 29*d. Calculate x(-3).
4
Let s(g) = -25*g - 11. Let i(c) = 18*c + 7. Let n(u) = 7*i(u) + 5*s(u). Give n(-3).
-9
Let n(a) = -8*a**2 + 15*a - 17. Let x(z) = 5*z**2 - 7*z + 8. Let s(t) = -3*n(t) - 5*x(t). Let y be 11/(((-20)/(-4))/(-5)). What is s(y)?
0
Let s(h) = 8*h**3 - 5*h**2 - 20*h + 12. Let c(w) = 7*w**3 - 3*w**2 - 19*w + 10. Let b(z) = -7*c(z) + 6*s(z). Give b(-10).
-28
Let k(r) = r**3 + 3*r**2 - r - 1. Let t(y) = -y - 8. Let q be t(-4). Let x be (26/(-3))/(q/(-6)). Let b = 10 + x. Give k(b).
2
Let v(r) be the first derivative of 1/4*r**4 + 15 - 7/3*r**3 + 0*r + 1/2*r**2. What is v(7)?
7
Let d(v) = -v - 2. Let s(w) = -2*w + 14. Let k(g) = 3*d(g) - s(g). Determine k(-15).
-5
Let p(z) be the third derivative of z**8/6720 - z**6/720 + 5*z**4/12 - 2*z**2. Let j(q) be the second derivative of p(q). Determine j(-1).
0
Let m(z) be the second derivative of -z**5/20 - z**4/12 + z**3/2 - z**2/2 - 24*z. Let v = -4 + 4. Suppose g + 2*g + 9 = v. Give m(g).
8
Let l(f) = -f + 12 + 59*f**2 - 58*f**2 - 13. Calculate l(3).
5
Let r(w) = -w + 1. Let y be r(6). Let g(x) = 3*x + 10*x - 2 - 15*x + 6 - x**2. What is g(y)?
-11
Let y(i) = -i**3 + 6*i**2 - 2*i + 8. Let h = 11 + -10. Suppose -9 = -2*w - h. Suppose 13 = w*x - 11. Calculate y(x).
-4
Suppose -4*w + 8 = 2*x, -4*x - 2*w + 6*w = -40. Let u(d) = -d + 9. Let o be u(x). Let a be ((-3)/3)/(o/(-4)). Let t(h) = 2*h - 2. Determine t(a).
6
Let f be (5 - 1)/((-67)/201). Let g(a) = -a**2 - 12*a - 10. What is g(f)?
-10
Let d = -42 + 45. Let i(f) = 14 - 5 + 0*f + f**2 - 12 - d*f. What is i(5)?
7
Let i be (24/15)/((110/25)/(-11)). Let p(w) be the first derivative of w**3/3 + 2*w**2 - 3*w + 2. What is p(i)?
-3
Suppose 54 = 89*m - 71*m. Let z(w) = 5*w - 17. Determine z(m).
-2
Let l(q) = q - 7. Let v be l(-3). Let p(g) = -40 - 31 + 62 + g - 3*g. Determine p(v).
11
Let x(k) = 41 - 7*k + 138*k**2 - 9 - 140*k**2. Calculate x(-6).
2
Let b(g) = 897 - 896 - g - 3*g. Let p be ((-2)/4)/((-1)/(-6)). What is b(p)?
13
Let f(r) be the first derivative of -5*r**2/2 - r - 132. Calculate f(2).
-11
Let d(k) be the first derivative of k**6/360 + 3*k**5/40 - 5*k**4/24 + k**3/3 - 4*k - 43. Let z(s) be the third derivative of d(s). Calculate z(-10).
5
Let d = -76 + 87. Let t(m) = -m**3 + 10*m**2 + 11*m - 6. Determine t(d).
-6
Let y(n) = n**2 - 2*n. Let i = 0 + -19. Let a = i - -21. Give y(a).
0
Let s(p) = 5 - 2*p**2 - 2 - 1 + 0*p**2 + 7*p - 6*p. What is s(-1)?
-1
Let y(d) = d**3 + 1. Let q(l) = 5*l**3 + 8*l**2 + 7*l + 2. Let b(g) = -q(g) + 3*y(g). Calculate b(-3).
4
Let j(m) = 3*m - m**3 - 4*m + 4*m**2 - 4 + 3*m. Let b be 1 - (9/3 - 6). Calculate j(b).
4
Suppose -6*o + 0*o = -42. Let t(j) = -2*j**2 + 15*j - 1. Let l be t(o). Let f(p) = p**2 - 9*p + 6. Calculate f(l).
-12
Let n(l) = -3*l**3 + 6*l**2 + l + 1. Let d(m) = -4*m**3 + 9*m**2 + m + 2. Let h(c) = -5*d(c) + 7*n(c). Calculate h(2).
-19
Let k(m) be the first derivative of m**2/2 - m + 6. Let q be k(6). Suppose 1 + 14 = 5*i - 5*h, 0 = i + q*h - 21. Let x(z) = -z**2 + 5*z + 7. 